u**2 - 15*u - 776. What is the remainder when c is divided by r(-52)?
3
Let h(p) = -4*p. Suppose 7*b + o = 8*b - 39, 3*o - 6 = 0. Suppose -5*j = -5*k - 50, 5*j + 3*k - b = -7. What is the remainder when h(-5) is divided by j?
4
Suppose -q = -0*q + v - 21, 5*q - 121 = -v. Suppose 5*f + 4*n = -n + 5, 8 = 3*f - 2*n. Suppose f*m - 184 = -2*m. What is the remainder when m is divided by q?
21
Suppose -l - 140 = -5*l. Let b = -211 + 181. Calculate the remainder when l is divided by 82/123*b/(-2).
5
What is the remainder when (-3 - (6/(-2) + -1))/(2/876) is divided by 24?
6
Let c = 26833 + -26172. What is the remainder when 691 is divided by c?
30
Let x = 34276 + -34249. What is the remainder when 1131 is divided by x?
24
Let r(j) = j**2 + 12*j + 32. Let v be r(-12). Suppose 3*a - 4 - v = 0. Calculate the remainder when (-4)/16 - (-845)/20 is divided by a.
6
Let g(r) = 272*r + 1149. Let c(n) = -n**3 + 9*n**2 - 10*n - 3. Calculate the remainder when g(-4) is divided by c(7).
11
Let c(l) be the third derivative of -l**4/24 + 5*l**3/6 - 2*l**2. Let d(v) = -v**3 + 12*v**2 - 15*v - 109. What is the remainder when d(7) is divided by c(-6)?
9
What is the remainder when 19 + 1359*(-5)/(-5) is divided by 340?
18
Calculate the remainder when 198 is divided by (-210)/63*(-1 + 73/(-5)).
42
Calculate the remainder when 776 is divided by 4/106 - (-246400)/1325.
32
Suppose 146*f + 4132 - 13652 = 27*f. Calculate the remainder when 444 is divided by f.
44
Suppose 19*r + 3700 = -31*r. Let u = 90 + r. Calculate the remainder when 685 is divided by u.
13
Let p = -61 + 146. Calculate the remainder when ((-19 + 36 - 20) + -6)/((-3)/111) is divided by p.
78
Let g(y) = y**2 + 2*y - 3. Let p be g(1). Suppose 4*w = 3*v - 46, 5*w - 4*v - v + 60 = p. Calculate the remainder when 88 is divided by (w/8 + 7)/(1/4).
19
Calculate the remainder when 12/15*45*3 is divided by (-633 + 654)*10/21.
8
Suppose 33*m = 36*m - 6. Suppose 8*s - 3*x + 32 = 10*s, m*x - 48 = -3*s. Calculate the remainder when s is divided by 5.
1
Let b = 1581 + -1054. Let k = 558 - b. What is the remainder when 107 is divided by k?
14
Let l = -4509 + 4610. Suppose 5*k - 3*x = 155, -88 = 4*k - 6*k - 4*x. Suppose -3*z = -z - k. Calculate the remainder when l is divided by z.
16
Let h be (-4)/(-1)*(6 - (-8)/8). Suppose -h = -2*c + v, 56 = 4*c + v + v. Let g = -30 + 67. Calculate the remainder when g is divided by c.
9
Let j(m) = -2*m**2 + 18*m + 3. Let h be j(14). Let t = h + 159. What is the remainder when 43 is divided by t?
21
Suppose 3*d + d + 84 = 0. Calculate the remainder when (-282)/(-9)*(-6)/(-4) is divided by (-60)/d*4/(-8)*-7.
7
Calculate the remainder when (-8)/(-2)*(-83)/1826 - 43784/(-22) is divided by 40.
30
Suppose 0 = l - 2, 4*k + 0*k - 12 = -2*l. Suppose -4*z = -3*q - 148, 3*z = -k*q - q + 132. Let y = z - 16. Calculate the remainder when 41 is divided by y.
17
Let v be (4/8)/(3/6). Let k(m) = 282*m + 30. What is the remainder when k(v) is divided by 53?
47
Suppose 13*s - 1554 = 1358. What is the remainder when 166 is divided by s/22 - 0 - (-4)/(-22)?
6
Let z(j) = j**2 + 17*j + 9. Suppose -4*x - 22 = 3*r, 2*x - 4*r + 16 = -8*r. Let y(m) = 4*m**2 + 5*m + 1. What is the remainder when z(7) is divided by y(x)?
42
Let v(z) = -2*z**2 + 45*z + 583. Calculate the remainder when 810 is divided by v(30).
12
Let b(w) = -11*w + 3. Let t be b(-6). Let z be (t/(-2))/((-6)/36). Suppose 0 = -3*v - 0*v + z. What is the remainder when v is divided by 24?
21
Let j be (-24)/(-228) + 150/19. Suppose -j*p + 33 + 127 = 0. What is the remainder when 279 is divided by p?
19
Suppose -114 - 3 = -9*p. Let y(b) = 2*b - 2. What is the remainder when p is divided by y(5)?
5
Suppose 5*h - 2*v - 7979 = 0, 4*h + 4*v = 8*v + 6376. What is the remainder when h is divided by 13?
11
Suppose 0 = 20*w - 17*w. Suppose -h + 20 = -w*h. Let z = 143 + -65. What is the remainder when z is divided by h?
18
Let c = 791 - 684. Let l = c - 78. What is the remainder when 317 is divided by l?
27
Let u = -229 - -249. Suppose 2*m = -8*m + u. Suppose 22 = 5*q - 23. Calculate the remainder when q is divided by m.
1
Suppose -5*h = 4*i - 18, 2*i = -3*i + 3*h + 41. Let y = 97 + -78. Calculate the remainder when i*14 + -7 + 3 is divided by y.
18
Let w = -661 - -652. Calculate the remainder when -42*(w/(-2) + -7) is divided by 47.
11
Let y = -808 - -840. Let s = 2 - -1. Suppose -s*o = 5 - 26. Calculate the remainder when y is divided by o.
4
Suppose -2*r - 2*l - l - 65 = 0, -l = 4*r + 155. Let p be (r/(-15))/(100/36 - 3). What is the remainder when 86 is divided by -2 + (-566)/p + (-2)/12?
41
Suppose -l = -y + 65, -2*y + 3*l + 312 = 186. Calculate the remainder when y is divided by 23.
0
Suppose 70*p + 773 = 22963. Calculate the remainder when p is divided by 11.
9
Let t = -4 - -4. Let y = 1483 + -1459. What is the remainder when 83/(t - 2/(-4)) is divided by y?
22
What is the remainder when 603 is divided by (-3)/(42/4) - ((-69502)/217 - -4)?
287
Suppose -3*l - 4*k + 41 = 0, 2*k - 3 = -6*l + 7*l. Calculate the remainder when 369 is divided by l.
5
Let j = -258 - -260. Suppose -2*q = 2*y - 82 - 24, j*y - 250 = -5*q. Calculate the remainder when q is divided by 19.
10
Suppose -2*w + 292 = -2*v, 0*v + 3*v + 15 = 0. Let r = -125 + w. Let j = -70 + 117. Calculate the remainder when j is divided by r.
15
Suppose 16 = -13*a + 432. Suppose -20*k + 19*k + a = 3*i, 43 = 2*i + 5*k. What is the remainder when 113 is divided by i?
5
Let n = 33 + -40. Let l(m) = -2*m + 27. Let s be l(n). Let p = 60 - s. Calculate the remainder when p is divided by 12.
7
Let d(v) = 8*v**2 - 20*v + 6. Suppose -2*p - 7 + 47 = 0. Calculate the remainder when d(4) is divided by p.
14
Suppose 197*d = 227*d - 630. What is the remainder when 608 is divided by d?
20
Let j(d) = -d**2 - 26*d + 695. What is the remainder when 216 is divided by j(16)?
9
Let k(b) = 5*b + 7. Suppose 2*d = -15 + 13. Let a be k(d). Suppose l - a*q - 7 = -2, 0 = -2*q + 6. What is the remainder when 63 is divided by l?
8
Let s(o) = -43*o**2 - 2. Let d be s(1). What is the remainder when 9/6*(-1560)/d is divided by 2 - (8*-2 + 0)?
16
Let w = 2 + 11. Suppose -x - c = 1, -2*c - 2*c = x + w. Suppose x*g - 7 + 3 = 4*d, 5*g - 2*d - 16 = 0. Calculate the remainder when 39 is divided by g.
3
Let c(j) = -14*j - 3. Let o(p) = -7*p - 1. Let h(d) = 3*c(d) - 7*o(d). Let m be (3 - 7)*(-4)/8. Calculate the remainder when 58 is divided by h(m).
10
Suppose 84*l - 2706 = 18*l. Calculate the remainder when ((-18)/(-12))/(3/320) is divided by l.
37
Suppose -4*s + 17*l = 19*l - 54, 20 = -4*l. What is the remainder when 44 is divided by s?
12
Suppose -r + 5*r - m - 995 = 0, 493 = 2*r + m. Suppose 8*t = 4*z + 4*t - 492, -r = -2*z + t. Let y = -16 + 58. What is the remainder when z is divided by y?
41
Let y be ((-33)/(-3) - (-1 + 4))/2. Let t(r) = -5*r + 18*r**2 - y + 5 + 3*r. What is the remainder when t(2) is divided by 14?
13
Let m(b) = b - 17. Let u be m(10). Let z(p) = -50*p - 11. What is the remainder when z(u) is divided by 34?
33
Suppose -2*d + 1 + 25 = 0. Suppose -12*n = -8*n - 16. Suppose 4*h - 3*g - 133 = 0, 167 = h + n*h - 3*g. What is the remainder when h is divided by d?
8
Let o(t) = -39*t + 3. Let p be -1 + (-11 - -7 - -7). Suppose p*s - 246 = -4*s. Calculate the remainder when o(-3) is divided by s.
38
Suppose 0 = 16*s + 4*s + 304 - 2724. What is the remainder when s is divided by 95?
26
Suppose -5*p + 2*p + 15 = 0. Suppose -p*l = -7*l + 24. Suppose 3*j = -4*t + 49, -2*t + 2*j - 10 = -24. What is the remainder when l is divided by t?
2
Let s be (-2)/10 + 1328/(-10). Let i = s + 160. Calculate the remainder when 46 is divided by i.
19
Suppose 5*p - 12*p + 18 = -5*p, 2*v = -8*p + 114. Let t = 75 + -46. Let z = -18 + t. Calculate the remainder when v is divided by z.
10
Let o(a) = a + 14. Let s be o(-4). Suppose 0 = -2*w + s, -3*j + 7*w - 10*w = -600. Calculate the remainder when j is divided by 17.
8
Suppose 0 = 16*a - 81 - 159. Let g(y) = 3*y - 20. What is the remainder when 224 is divided by g(a)?
24
Suppose -3*m + 3*f + 7 = -f, -4*m + 5*f + 8 = 0. What is the remainder when 37 is divided by (85/(-25) - m)/((-1)/20)?
5
Let m(a) = -a**3 + 8*a - 26. Suppose 4*h = 36 + 4. What is the remainder when m(-5) is divided by h?
9
Let p 